{"id":2,"date":"2020-06-20T14:52:32","date_gmt":"2020-06-20T14:52:32","guid":{"rendered":"https:\/\/www.chipdouro.pt\/turismo\/?page_id=2"},"modified":"2020-06-20T15:33:15","modified_gmt":"2020-06-20T15:33:15","slug":"turismo-em-cinfaes","status":"publish","type":"page","link":"https:\/\/www.chipdouro.pt\/turismo\/","title":{"rendered":"Turismo em Cinf\u00e3es"},"content":{"rendered":"\n<p>Cinf\u00e3es \u00e9 um  concelho situado na regi\u00e3o Norte do Pa\u00eds, no sop\u00e9 da Serra do Montemuro,  regi\u00e3o agrad\u00e1vel com paisagens adornadas de beleza natural at\u00e9 ao Rio Douro.<br><br>Este concelho j\u00e1 viveu na era da antiga ocupa\u00e7\u00e3o Romana, e onde se encontram muitos vest\u00edgios arqueol\u00f3gicos.<\/p>\n\n\n\n<p><br><strong>Nesta regi\u00e3o podemos encontrar in\u00fameros monumentos:<\/strong><\/p>\n\n\n\n<ul class=\"wp-block-list\"><li>Barroca Igreja Matriz de S\u00e3o Jo\u00e3o Baptista do s\u00e9culo XVII, <\/li><li>O bonito Pelourinho, <\/li><li>O agrad\u00e1vel Jardim <\/li><li>O Museu Serpa Pinto,<\/li><li>Casa da Cultura destinada \u00e0s novas tecnologias de informa\u00e7\u00e3o e \u00e0 realiza\u00e7\u00e3o de variados eventos, <\/li><li>As paisagens deslumbrantes que se avistam do Miradouro do Calv\u00e1rio.<\/li><\/ul>\n\n\n\n<p>Cinf\u00e3es beneficia tamb\u00e9m de entre outros recursos naturais a famosa &#8220;Barragem do Carrapatelo&#8221; embeleza ainda mais a paisagem, e proporciona boas condi\u00e7\u00f5es para a pr\u00e1tica das mais variadas actividades de desporto, lazer e turismo.<\/p>\n\n\n\n<p>Cinf\u00e3es \u00e9 uma vila Tur\u00edstica, sem duvida alguma &#8230;. venha comprova-lo.<\/p>\n","protected":false},"excerpt":{"rendered":"<p>Cinf\u00e3es \u00e9 um concelho situado na regi\u00e3o Norte do Pa\u00eds, no sop\u00e9 da Serra do Montemuro, regi\u00e3o agrad\u00e1vel com paisagens adornadas de beleza natural at\u00e9 ao Rio Douro. Este concelho j\u00e1 viveu na era da antiga ocupa\u00e7\u00e3o Romana, e onde se encontram muitos vest\u00edgios arqueol\u00f3gicos. Nesta regi\u00e3o podemos encontrar in\u00fameros monumentos: Barroca Igreja Matriz de &#8230;.&nbsp;&nbsp;<a class=\" default\" href=\"https:\/\/www.chipdouro.pt\/turismo\/\">Read More<\/a><\/p>\n","protected":false},"author":2,"featured_media":0,"parent":0,"menu_order":0,"comment_status":"closed","ping_status":"closed","template":"","meta":{"footnotes":""},"class_list":["post-2","page","type-page","status-publish","hentry"],"_links":{"self":[{"href":"https:\/\/www.chipdouro.pt\/turismo\/index.php?rest_route=\/wp\/v2\/pages\/2","targetHints":{"allow":["GET"]}}],"collection":[{"href":"https:\/\/www.chipdouro.pt\/turismo\/index.php?rest_route=\/wp\/v2\/pages"}],"about":[{"href":"https:\/\/www.chipdouro.pt\/turismo\/index.php?rest_route=\/wp\/v2\/types\/page"}],"author":[{"embeddable":true,"href":"https:\/\/www.chipdouro.pt\/turismo\/index.php?rest_route=\/wp\/v2\/users\/2"}],"replies":[{"embeddable":true,"href":"https:\/\/www.chipdouro.pt\/turismo\/index.php?rest_route=%2Fwp%2Fv2%2Fcomments&post=2"}],"version-history":[{"count":2,"href":"https:\/\/www.chipdouro.pt\/turismo\/index.php?rest_route=\/wp\/v2\/pages\/2\/revisions"}],"predecessor-version":[{"id":17,"href":"https:\/\/www.chipdouro.pt\/turismo\/index.php?rest_route=\/wp\/v2\/pages\/2\/revisions\/17"}],"wp:attachment":[{"href":"https:\/\/www.chipdouro.pt\/turismo\/index.php?rest_route=%2Fwp%2Fv2%2Fmedia&parent=2"}],"curies":[{"name":"wp","href":"https:\/\/api.w.org\/{rel}","templated":true}]}}